)?
-11
What is -15 + (-25 - (-11 + -9) - -11)?
-9
What is -50 + (-1 - -58) + -65?
-58
Calculate -53 + 42 - (-15 + 32).
-28
What is the value of 8 - (-67 + 71 + 38 + 1)?
-35
What is -44 + -4 - (13 + (-2 - -27) + -46)?
-40
Evaluate -216 - ((-124 - 108) + 81).
-65
What is the value of 18 + 38 + -41 - (3 + (-6 + -1 - -109))?
-90
What is the value of 8468 + -8355 - (6 - -2)?
105
Evaluate 109 - (-34 + 13 - -210).
-80
-1 + -38 + -9 + 17 + -15 + 13
-33
19 + -64 + (2 + 8 + 0 - (-508 - -508))
-35
Calculate 14 + 89 + -30 + -80.
-7
Calculate 318 + -303 - (7 - 35).
43
Calculate 10 - (64 + (58 - 183)).
71
Calculate (1 - 79) + (22 - (-11 - -13) - 18).
-76
What is the value of (0 - 8) + (-1844 + 1811 - (1 + -90))?
48
What is -13 - (-45 - -31 - -42)?
-41
Evaluate 3 + -2 + (4 - 1) + -179 + (-176 - -329).
-22
What is 54 + (-29 - (-34 + 48)) + (0 - 34)?
-23
Calculate (16 - 53) + 38 - (1 - 23).
23
What is 1671 + -1607 + (-135 - -2)?
-69
What is 10 + -11 - ((-15 + 27 - 4) + 61)?
-70
What is the value of -34 + 0 + -840 + 841?
-33
What is -34 + 45 + -13 - (31 - 1)?
-32
Evaluate 5 - -4 - (48 + -30 - (11 + 0 + -3)).
-1
Evaluate (7 + 9 - 5) + -11 + -14 + -2.
-16
Calculate -6 - (51 + 37 + -21 + (4 - 11 - -9)).
-75
Evaluate (-419 - -419) + (0 + -49 - (2 - -4 - 10)).
-45
Evaluate (37 - 5) + 569 + -585.
16
72 - (-9 + (32 - 41) + -11)
101
-437 + 417 + (27 - -1) - (-1 - (-4 - -3))
8
Evaluate 1785 - 1630 - (41 - (-5 - -4)).
113
-3537 - -3429 - (-1 - 1)
-106
Calculate 0 + -12 + (77 + -26 - 79 - (-4 + -30)).
-6
-12 + (18 - (0 - -13 - 8)) + (-50 - 0)
-49
Calculate (1 - (-5 - -6) - 7 - (-9 - -9)) + -11.
-18
What is (-60 - -21) + 30 - -4 - (48 + 0)?
-53
11 - 65 - (-4 - 17)
-33
What is -43 + 0 + 71 + -131?
-103
What is -49 + 32 + -21 + 6 - -79?
47
(21 - 34) + 13 - 41
-41
What is 0 + (1 + 0 - -7) - (15069 - 15106)?
45
What is (-41 - (-15 + 54)) + 5?
-75
-6 + 7 + -41 + (1 - (11 + -16 + 5))
-39
Evaluate 14 + 8 + -17 - (4 + -17 + 2).
16
Evaluate (-16 - (-1 + (-6 - 1 - -12))) + -2 + -4.
-26
Evaluate (91 - (146 - 83)) + (1 - -11).
40
Calculate -48 - (36 + 32 + -62 + -31).
-23
What is 0 + 23 - ((6 - -14) + -21 + 7)?
17
What is the value of -70 + -49 + -29 - -90?
-58
7 - 25 - (-51 + 34 + -1)
0
Evaluate (61 - -2) + (-84 + 93 - (7 - 1) - -8).
74
Evaluate 26 + 0 + (1 - 2 - (-13 + (2 - -22))).
14
What is -3 + 34 + -14 + (-14 - 2)?
1
What is the value of -29 + -41 + 1 + (-9 - -59)?
-19
(-1068 - -1158) + -106 + 3
-13
(48 - (134 + 3)) + 173
84
What is (42 - 51 - (-27 - 2)) + -3 + 34?
51
Evaluate (67 - 28 - 9) + -20 + -17 + 1.
-6
What is the value of (-20 - (44 + -80)) + 8?
24
(-2 + 36 - (-21 - -108)) + 11
-42
Calculate -18 + 13 - ((7 + 120 - -4) + -37 + 46).
-145
What is -11 - (-9 - (44 - 10))?
32
What is -36 - (-50 + -116 + 116)?
14
What is (4 - 6) + 0 + 24 + -4?
18
What is 548 + -562 + (-16 - (2 - -1))?
-33
What is the value of -16 - (-22 - (-45 + -35)) - (-7 + 0)?
-67
Calculate 8 + 2 - (1 + 2 + (13 - (24 - 5))).
13
Evaluate 66 + -38 + -21 - 59.
-52
What is the value of 18 + 127 + -92 + (-4 + 2 - 0 - -14)?
65
-80 - (-25 + 157 - 185)
-27
What is the value of 0 + (-7 - -3 - 2) - 45 - (-16 + 5)?
-40
What is the value of 1 + 9 + (-1 - 4 - 91) + -141 + 130?
-97
Evaluate ((16 - -41) + -13 - 6) + -108.
-70
4 - -1 - (97 + -29 + 15)
-78
What is 246 + -153 + (-7 - 45)?
41
Evaluate 47 + (-4 - (5 - 0)) + -5 + -2.
31
What is 60 + 9 + -8 + -75 + 89?
75
What is the value of -13 + 23 + -21 + -7 + 39?
21
Calculate 8254 - 8241 - (-1 - -4 - 85).
95
Evaluate (-27 + 58 - -28) + -42.
17
What is (-5 - (4 - 24)) + (2 - 10)?
7
What is (-37 - 1 - (-381 + 356)) + (-2 - -7)?
-8
What is (32 - (-14 + (-13 - -16))) + (8 - 3) + -3?
45
Evaluate 89 - 32 - (96 - 41).
2
32 + -64 - (7 + -1)
-38
Evaluate -38 - 9 - (-8 + 15 + 15).
-69
Calculate -40 - (-3 - (0 - (0 + 4 + -2 - 7))).
-32
Calculate 0 + 34 + -35 + -9 + 63.
53
-114 + 102 - (-64 - 7)
59
What is -94 + 57 - -92 - 166?
-111
Calculate (1 + 0 - (141 + -13)) + (-2688 - -2695).
-120
What is -17 - (3 - 11 - (-6 + 56))?
41
What is -3 + (-1 - (-2 + 11)) + 6 + 6 + -5?
-6
Calculate -37 - (2 + (-3 - 4 - (9 + -12)) - 1).
-34
What is the value of 1279 + -1154 + -5 + -123?
-3
Evaluate 3 + -59 + 27 - -88.
59
Evaluate 49 - 11 - 174 - (-5 + 6 + (6 - 11)).
-132
Evaluate (12 + 0 - 13) + 19 + (3 - (-14 - -105)).
-70
Evaluate -12 + (-1 - 4 - (33 + -40)) + 46.
36
-31 - (-3 + (-2 + 3 - 1 - (-8 - -2)))
-34
Evaluate 10 + (1 - -31 - (-195 - -202)).
35
-39 + 0 - (-3 - (18 + -23 + 24) - -13)
-30
Calculate 91 - (32 + 0 + -5) - (0 + -10) - 2.
72
What is the value of 64 - ((-16 - (-3 + -7) - -7) + -1 + 2)?
62
What is the value of (2 - 52) + 0 + 22 + (-199 - -185)?
-42
(-2 - (-6 + 3) - (-16 - -3)) + -37
-23
32 + (-14 - -12 - 77) + 0 + -6
-53
1 - (48 + (-23 - 60))
36
30 + (-1 - 16) + (-12 - -39 - 22)
18
What is -117 + 162 + -42 + 0 + 5?
8
Calculate (14 + -1 - (9 + 59)) + (-6 - 5).
-66
Calculate -1 + (-2 - -21) + (0 - 10) + -47.
-39
What is the value of (12 - 0) + 2 + (9 + -127 - (-161 - -108))?
-51
Evaluate -21 + -36 - (-20 - 36).
-1
What is -22 + (3 - 1 - (-1541 + 1512))?
9
What is the value of -28 - (-474 - -473 - (1 - 11))?
-37
What is -49 + -2 + 11 + -11 - (75 - 89)?
-37
What is the value of (0 - -5) + -1 + (19 - (21 + -3)) + -2?
3
Calculate -38 + 47 + 3 + (-8 - -5) + -2.
7
What is the value of 11 - (137 - 147 - (-16 + 1)) - 10?
-4
-111 + (152 - (51 + 43))
-53
1 - -94 - (9110 + -8920)
-95
Calculate -1 - -121 - (-24177 - -24380).
-83
What is the value of -8 - 130 - (-103 - -45)?
-80
Calculate 2 + (-10 - ((-11 - -4) + -7 - -7)) + -7.
-8
Evaluate -130 + 169 + -65 + (38 - 1).
11
What is the value of 3 - (3 - (3 + -1)) - (-196 + 63 + 149)?
-14
What is the value of 62 + 111 + -149 + 17 + 2?
43
0 + 64 + (4981 - 5060)
-15
What is -6 + 57 + -46 + (0 - 4 - 104)?
-103
128 + (129 - 153) + -187
-83
What is -2 - (1 + -6 + -18) - -3?
24
Calculate 21 + -15 + -6 + 3 + 2 + 142 + -126.
21
What is (21 - -35 - 42) + (4 + -2 - 2)?
14
Evaluate -37 + (77 - (-49 + 26)).
63
What is the value of 27 - ((13 - (-17 - -16)) + 31)?
-18
-10 + (-13 - -25 - 0 - -9) - 15 - 111
-115
What is the value of (33 - 24) + -3 + -2 + -2 - 19?
-17
Evaluate (-14 + 2 - (-7 - -7)) + (7 - (42 + 2)).
-49
Evaluate 0 + 2 + (-50 - -66) + -9.
9
-1 + -27 + (110 - (-25 + 109))
-2
What is the value of 9 + 5 + -2 - (-7 - (18 - (49 - 4)))?
-8
Calculate -16 - (24 - (56 + -30) - (7 - 2)) - -31.
22
What is the value of 2 + 0 + 4 + 23 + 22 + -31?
20
-143 - (-251 + 110 - -125)
-127
(14 + -4 - (-1 - 81)) + 5 + -10 + -7
80
What is the value of (-6 - -18) + -126 - (0 - -6 - 26)?
-94
Evaluate -5 - -1 - ((-34 - -41) + 0 + 43 - 12).
-42
What is the value of -4 - (70 + -27 - (-14 - -19 - (1 - -6)))?
-49
-37 - ((41 - 36) + (32 + -16 - 18))
-40
What is the value of 6 + 1 + (27 - (0 + 16 + (684 - 705)))?
39
Calculate 1 - 2 - (-8 - (6 + 17 - 0)).
30
Calculate 88 - 29 - 28 - (-92 + 68).
55
Evaluate 115 - (179 + -69) - (0 + -5).
10
(-67 - -117) + 56 - 56
50
Calculate 0 + 5 - ((52 - 24) + 1 + -23).
-1
Calculate -16 - -86 - (2 - (10 - (16 + 4))).
58
Calculate -5 - (-42 - -38) - (1 + 52).
-54
-6 - -2 - ((257 - 249) + -9 + -1 + 40)
-42
What is the value of (1 - -1) + -2 + 90 + (-488 - (91 + -583))?
94
Calculate (-8 - (5 - (16 + -7)) - -13) + 22 + 1.
32
What is the value of -18 - (-14 + -1 + 45)?
-48
Evaluate 22 + 1 - (-4880 + 4900).
3
(47 + -30 - -52) + -41 - 28
0
Evaluate 6 - (-99 - -105 - (3 + -57)).
-54
Evaluate (-294 - -257) + -1 + 6 + -91.
-123
What is -348 + 391 + -41 + -2?
0
What is (38 + -1 + -2 - 40) + -25?
-30
Evaluate -1 + -36 + 84 + -89.
-42
Calculate -113 + (199 - 227) + (-4 + 4 + 1 - -13).
-127
-96 + (74 - 120 - -122)
-20
Calculate -17 - (0 + -1) - (10 + 8 + -28).
-6
Evaluate -3 - (-9 - (-16 + 9 + -14 + 8 - 13)).
-20
Calculate (-58 - (-27 - -48)) + 102.
23
What is the value of (-201 + (-10 - -16) - (-180 + 158)) + 21?
-152
Evaluate -80 - (-32 - (-26 + (15 - -6))).
-53
What is the value of -6 + (-2 + -10 - -11) + 60?
53
(32 + -59 - -34 - -95) + -49
53
Calculate -76 + (-60 + 52 + 4 + 14 - -5).
-61
What is the value of 3 - -29 - ((-6 - ((-8 - -11) + -4)) + -2)?
39
Evaluate -4 + -7 + -22 + -1 - 20.
-54
What is the value of (-2 - -1) + (6 - (-41 + 55))?
-9
8 - (1 + -8 + 15) - (75 - -4)
-79
Calculate 9 + (-7 - -6 - 13) + (-23 - -43 - -71).
86
What is (4946 - 4976) + (-2 - 